 divided by c?
24
Let g be (-3)/9 + (-74)/(-6). Calculate the remainder when 5 is divided by g/5 + 4/(-10).
1
Let z(n) = 2*n**2 - n**2 - 3*n**2 + n + 5*n**2. Calculate the remainder when 70 is divided by z(-3).
22
Let f(j) = -2*j**2 + 0*j**2 + 24 + j**3 + 2*j**2. Calculate the remainder when f(0) is divided by 13.
11
Suppose 4*i - 11 = 21. What is the remainder when 21 is divided by i?
5
Suppose 0 = 5*c - 0*c - 5*j - 250, 115 = 2*c - 5*j. What is the remainder when c is divided by 12?
9
Suppose f - 4*f = -3. Let u be 46/(-14) - 10/(-35). What is the remainder when 59 is divided by (u + f)/2 - -21?
19
Suppose 42 + 28 = 2*g. Let a = -6 + g. What is the remainder when a is divided by 10?
9
Let g(r) = -r + 19. What is the remainder when g(6) is divided by 4?
1
Suppose -6*l - 71 = -179. Calculate the remainder when 86 is divided by l.
14
Let i(g) = 7*g - 3*g**2 - 7 + 3*g**2 + 2 - g**2. What is the remainder when i(4) is divided by (-1)/(((-3)/(-4))/(-3))?
3
Let b(u) = u - 8. Let s(k) = -k**3 - 10*k**2 - 9*k + 4. Let q be s(-9). Let z be b(q). Calculate the remainder when (-261)/z - (-1)/(-4) is divided by 22.
21
Suppose 4*a - 2*h + 3*h = 21, 0 = 3*a - 4*h - 11. Calculate the remainder when 8 is divided by a.
3
Let r = 2 - -10. Let h be 13/(-5) + (-8)/20. What is the remainder when r is divided by (7/h)/(3/(-9))?
5
Suppose 3*v = -0*v + 6. What is the remainder when 48 is divided by 1/v*(19 + 1)?
8
Suppose -9 - 3 = -4*x. Suppose -4*z + 2*s + 14 = 0, -3*s + 29 = x*z + z. Calculate the remainder when z is divided by 1/3 - 16/(-6).
2
Let c = -12 - -42. Suppose -2*r + 12 = -c. What is the remainder when 39 is divided by r?
18
Suppose -4*x + 8 = -2*n, -2*n - 2*x - 3 = -5*x. Suppose 0 = -m - 3 + 7. Calculate the remainder when n is divided by m.
2
What is the remainder when 19/(4 - (-9)/(-3)) is divided by 4?
3
Suppose 3*f - 10 = q - 2*q, -5*q = -4*f - 69. Let r(s) = 35*s**2 - 5*s - 10*s**2 + 5*s. Calculate the remainder when r(-1) is divided by q.
12
Suppose 0 = -3*c - 125 - 10. Let y = c - -79. Suppose -y = -2*h + 48. Calculate the remainder when h is divided by 11.
8
What is the remainder when 54 is divided by 17 - -15 - (-1 - -5)?
26
Let t = -12 - -7. What is the remainder when 37 is divided by t/20 + 53/4?
11
Suppose l - 5 = 5*q, 3*l + 2*q - 34 = 7*l. Calculate the remainder when 7 is divided by ((-12)/l)/(9/30).
3
Let c = 36 - 15. Let j(v) = v**2 - v - 1. Let u be j(-7). Suppose 4*m - u = -m. Calculate the remainder when c is divided by m.
10
Let v(i) = i**2 + 5*i - 2. Let y be v(-9). Let r = 49 - y. Calculate the remainder when 43 is divided by r.
13
Let s(r) = -r**3 + 11. Let d = 24 - 16. Suppose -2*c + 0*c = -d. Calculate the remainder when s(0) is divided by c.
3
Suppose 0*c - 2*c - 4*z + 4 = 0, z = -c + 4. Suppose 5*h + 1 = c. Let t = 2 - h. Calculate the remainder when 1 is divided by t.
0
Suppose -4*c + 7 = -141. Calculate the remainder when c is divided by 13*(6/3)/2.
11
Let m = -85 + 123. Calculate the remainder when m is divided by 10.
8
Let o = 3 - -3. Calculate the remainder when 16 is divided by o.
4
Let x(i) = 4*i**2 + 1. Let a be x(1). Suppose 3*b - 1 = a. What is the remainder when b is divided by 1?
0
What is the remainder when 81 is divided by (-5 + 5 + 63)*2/6?
18
Let k(t) = t**2 + t. Let a be k(-2). Suppose -a*r + 2*o = -40, -2*o - 2*o - 17 = -r. Let v = -10 + r. What is the remainder when 42 is divided by v?
9
Suppose 2*m + 4*b + 272 = -68, 0 = 4*m + 4*b + 664. What is the remainder when (-8)/6*m/12 is divided by 10?
8
Let y be ((-2)/4*2)/1. What is the remainder when 14 is divided by 9 - (-1 + 3) - y?
6
Let i = -3 + 5. Let s(w) = -w. Let k(q) = 20*q + 1. Let f(y) = k(y) + 6*s(y). Calculate the remainder when f(i) is divided by 15.
14
Suppose -3*d = -0*d - 48. Let g = 53 - 6. What is the remainder when g is divided by d?
15
What is the remainder when 64 is divided by (15/5 - 20)*-1?
13
Let z(v) = v**2 + 6*v + 5. Let j be z(-5). Suppose j = -i - 101 + 20. Calculate the remainder when i/(-6)*4/6 is divided by 3.
0
Suppose -57*r - 42 = -60*r. What is the remainder when r is divided by 11?
3
Calculate the remainder when 69 is divided by 270/(-6)*-4*(-3)/(-15).
33
Suppose -m + 2 = -3*y, y + m - 4 = -m. Suppose y*x = -x + 5. Let w = 10 - 7. Calculate the remainder when x is divided by w.
2
Suppose -60 = 20*w - 25*w. Calculate the remainder when 57 is divided by w.
9
Suppose -3*m + 3*i + 2*i = -82, -i + 71 = 4*m. Suppose -4*c = -2*c - 14. Calculate the remainder when m is divided by c.
5
Let c(j) = j**2 - 18. Calculate the remainder when 25 is divided by c(5).
4
Suppose 3 + 6 = 3*f. Suppose -f*l = -4*l + 2. Suppose l*w - 8 - 2 = 0. Calculate the remainder when 13 is divided by w.
3
Let m be (1 + 0)/1*4. Let r = m - -1. Calculate the remainder when 17 is divided by -2*(135/(-6))/r.
8
Suppose -h - 5*d + 20 = 4*h, h - 3*d = 0. Suppose 3*m - m - 4*t - 116 = 0, -h*t - 59 = -m. What is the remainder when m is divided by 19?
18
Let i(g) = -g**3 - 5*g**2 + 5*g - 4. Let o be i(-6). Suppose -w = -o*v + 4*v - 48, 5*w - 4*v = 184. What is the remainder when w is divided by 21?
19
Suppose v + 4*v - 140 = 0. What is the remainder when v is divided by 15?
13
What is the remainder when 79 is divided by 22 + 0 + (-3 - -1)?
19
Let d(y) = y**3 + 7*y**2 + 3*y - 1. Calculate the remainder when d(-5) is divided by (-6)/(1 - (-3)/(-2)).
10
Let l(t) be the second derivative of 0*t**3 + 0 - 1/20*t**5 - 1/2*t**4 + 4*t**2 - 2*t. Calculate the remainder when 15 is divided by l(-6).
7
Let c be (-2 - -2)/(1 + 1). What is the remainder when c - (2 + -14 + -1) is divided by (-7 + 5)/((-4)/10)?
3
Let c(a) = -21*a**3 - a**2 + 1. What is the remainder when c(-1) is divided by 12?
9
Suppose 4*i = 12, 2*l - 4*i = -2*l + 44. What is the remainder when 26 is divided by l?
12
Let o(u) = -u - 4. Let d be o(-8). Suppose 5*p - 5*k = 190, p - d*k = 5*p - 152. Calculate the remainder when p is divided by 20.
18
Let z be 2/(-4) - 3/(-6). Let j = z - -4. Suppose j*n = 2*n + 44. What is the remainder when n is divided by 12?
10
Suppose 23 = -0*a + a. What is the remainder when 40 is divided by a?
17
Let v(o) = 5*o**3 - 2*o**2 - 2. Let s = -52 + 68. What is the remainder when v(2) is divided by s?
14
Suppose 79 + 149 = 4*r. Calculate the remainder when r is divided by 20.
17
Let v(m) = m + 15. Let s be v(-11). Suppose -s = c + 4*d, 4*c - d = -4*d + 49. Calculate the remainder when 30 is divided by c.
14
Calculate the remainder when 21 is divided by 1 - (-15 + 0)/3.
3
Let z = -40 + 56. What is the remainder when 324/7 + 6/(-21) is divided by z?
14
Let f = 16 - 11. Suppose -26 = -f*s + 2*q, -2*q + 31 = 4*s - 7*q. Calculate the remainder when 6 is divided by s.
2
Let a(l) = 4*l**3 + 2*l**2 - l. Let r be a(1). Suppose -r*g = -52 - 38. Suppose 25*w - 22*w = 105. Calculate the remainder when w is divided by g.
17
Suppose -24 = -4*p + 3*j - j, 18 = 4*p + j. Suppose r + 2*r = -4*d + 30, -p*r + 5*d = -50. Calculate the remainder when 37 is divided by r.
7
Let k(r) = -r - 5. Let z be k(-9). Suppose 7*x = z*x + 36. Let s(w) = w**2 - 2. What is the remainder when x is divided by s(-3)?
5
Suppose 0 = 3*x, -5*k - 2*x = -36 + 11. Suppose 220 = 5*b - i, 2*i = k*b - 18 - 207. Calculate the remainder when b is divided by 15.
13
Suppose -3 = -0*w - 2*w - b, -5*w - b = -6. What is the remainder when 8 is divided by (-6)/((w + 3)/(-2))?
2
Suppose -5*o + 96 = -2*o. Calculate the remainder when o is divided by 11.
10
Suppose 4*c = 3*c + 3*n + 40, 2*c - 60 = 2*n. Let o = -31 - -51. Suppose 5*w - o - 45 = 0. What is the remainder when c is divided by w?
12
Suppose 9*b - 4*b = -5*d + 45, 3*b + 2*d = 22. Calculate the remainder when 37 is divided by b.
1
Let p(q) = q**2 - 11*q + 18. What is the remainder when 18 is divided by p(10)?
2
Suppose -w + 0 + 5 = 0. Suppose -w*m + 4*m + 14 = 0. Let a(s) = s**2 + 1. What is the remainder when m is divided by a(2)?
4
Suppose 6*x = 2 + 40. Let s(w) = w**3 - 2*w**2. Let g be s(2). Suppose g = -3*q + 3*n + 69, -n = 3 + 1. Calculate the remainder when q is divided by x.
5
Let d = 106 - 98. Calculate the remainder when d is divided by 5.
3
Let z = 152 + -105. Calculate the remainder when 232 is divided by z.
44
Let f be -1 - (-2 - 131 - 3). Let p = f - 86. Suppose 0 = -4